{"id":1424,"date":"2019-10-05T06:59:40","date_gmt":"2019-10-05T05:59:40","guid":{"rendered":"http:\/\/www.beaugency-plongee.fr\/?page_id=1424"},"modified":"2023-02-11T16:13:06","modified_gmt":"2023-02-11T15:13:06","slug":"acces-au-club","status":"publish","type":"page","link":"https:\/\/www.beaugency-plongee.fr\/index.php\/le-club\/acces-au-club\/","title":{"rendered":"Acc\u00e8s au club"},"content":{"rendered":"<p>Les s\u00e9ances du club de plong\u00e9e se d\u00e9roulent au <a href=\"http:\/\/&lt;iframe src=&quot;https:\/\/www.google.com\/maps\/embed?pb=!1m18!1m12!1m3!1d2681.405264485785!2d1.6287620514171315!3d47.77358917909396!2m3!1f0!2f0!3f0!3m2!1i1024!2i768!4f13.1!3m3!1m2!1s0x47e495a1af671a59%3A0x7810df5fe34e3977!2sCentre%20Aquatique!5e0!3m2!1sfr!2sfr!4v1570255131663!5m2!1sfr!2sfr&quot; width=&quot;600&quot; height=&quot;450&quot; frameborder=&quot;0&quot; style=&quot;border:0;&quot; allowfullscreen=&quot;&quot;&gt;&lt;\/iframe&gt;\">Centre Aquatique de Beaugency<\/a><\/p>\n<ul>\n<li>les Lundis de 20h30 \u00e0 21h30 (acc\u00e8s aux vestiaires \u00bc avant et 1\/2h apr\u00e8s)<\/li>\n<li>Les Vendredis de \u00a020h30 \u00e0 22h30 &#8211; acc\u00e8s aux vestiaires \u00bc avant et 1\/2h apr\u00e8s\u00a0remarque, ce cr\u00e9neau n\u2019est plus du tout partag\u00e9 avec le public.<\/li>\n<\/ul>\n<p>&nbsp;<\/p>\n","protected":false},"excerpt":{"rendered":"<p>Les s\u00e9ances du club de plong\u00e9e se d\u00e9roulent au Centre Aquatique de Beaugency les Lundis de 20h30 \u00e0 21h30 (acc\u00e8s aux vestiaires \u00bc avant et 1\/2h apr\u00e8s) Les Vendredis de \u00a020h30 \u00e0 22h30 &#8211; acc\u00e8s aux vestiaires \u00bc avant et 1\/2h apr\u00e8s\u00a0remarque, ce cr\u00e9neau n\u2019est plus du tout partag\u00e9 avec le public. &nbsp;<\/p>\n","protected":false},"author":3,"featured_media":0,"parent":21,"menu_order":0,"comment_status":"closed","ping_status":"closed","template":"","meta":[],"_links":{"self":[{"href":"https:\/\/www.beaugency-plongee.fr\/index.php\/wp-json\/wp\/v2\/pages\/1424"}],"collection":[{"href":"https:\/\/www.beaugency-plongee.fr\/index.php\/wp-json\/wp\/v2\/pages"}],"about":[{"href":"https:\/\/www.beaugency-plongee.fr\/index.php\/wp-json\/wp\/v2\/types\/page"}],"author":[{"embeddable":true,"href":"https:\/\/www.beaugency-plongee.fr\/index.php\/wp-json\/wp\/v2\/users\/3"}],"replies":[{"embeddable":true,"href":"https:\/\/www.beaugency-plongee.fr\/index.php\/wp-json\/wp\/v2\/comments?post=1424"}],"version-history":[{"count":4,"href":"https:\/\/www.beaugency-plongee.fr\/index.php\/wp-json\/wp\/v2\/pages\/1424\/revisions"}],"predecessor-version":[{"id":1768,"href":"https:\/\/www.beaugency-plongee.fr\/index.php\/wp-json\/wp\/v2\/pages\/1424\/revisions\/1768"}],"up":[{"embeddable":true,"href":"https:\/\/www.beaugency-plongee.fr\/index.php\/wp-json\/wp\/v2\/pages\/21"}],"wp:attachment":[{"href":"https:\/\/www.beaugency-plongee.fr\/index.php\/wp-json\/wp\/v2\/media?parent=1424"}],"curies":[{"name":"wp","href":"https:\/\/api.w.org\/{rel}","templated":true}]}}