{"id":23,"date":"2016-03-12T11:03:36","date_gmt":"2016-03-12T10:03:36","guid":{"rendered":"http:\/\/www.beaugency-plongee.fr\/?page_id=23"},"modified":"2025-09-28T17:22:17","modified_gmt":"2025-09-28T16:22:17","slug":"historique","status":"publish","type":"page","link":"https:\/\/www.beaugency-plongee.fr\/index.php\/le-club\/historique\/","title":{"rendered":"Petite pr\u00e9sentation"},"content":{"rendered":"<p>Cr\u00e9\u00e9e en 1984, sous le nom de section plong\u00e9e du Cercle Aquatique Balgentien, notre association affili\u00e9e \u00e0 la F\u00e9d\u00e9ration Fran\u00e7aise d&rsquo;Etudes et de Sports Sous-Marins, devient <strong><em>Beaugency Plong\u00e9e<\/em><\/strong> en 2005.<\/p>\n<p>Nos s\u00e9ances se d\u00e9roulent principalement les vendredis \u00e0 partir de 20h30 au centre aquatique de Beaugency. Nous b\u00e9n\u00e9ficions \u00e9galement d&rsquo;un cr\u00e9neau le lundi soir \u00e0 compter de 20h30 r\u00e9serv\u00e9 principalement \u00e0 la nage avec palmes.<\/p>\n<p>Durant toute la saison, notre \u00e9quipe d&rsquo;environ 80 adh\u00e9rents, dispose du bassin int\u00e9rieur.\u00a0 En p\u00e9riode estivale, nous profitons \u00e9galement du bassin ext\u00e9rieur l\u00e9g\u00e8rement plus profond.<\/p>\n<p>Notre club poss\u00e8de \u00e9galement un local, dans lequel nous entreposons l&rsquo;ensemble du mat\u00e9riel du club, d\u00e9tendeurs, blocs, gilets stab, compresseur et autres.<\/p>\n<p>Enfin, une salle est mise \u00e0 notre disposition pour les cours th\u00e9oriques.<\/p>\n<p>Au del\u00e0 des entra\u00eenements et s\u00e9ances de nage avec palmes en piscine, la vie du club s&rsquo;organise autour de plusieurs activit\u00e9s :<\/p>\n<p><span style=\"color: #ff9900;\">Les formations plong\u00e9e<\/span><\/p>\n<p><a href=\"http:\/\/www.beaugency-plongee.fr\/wp-content\/uploads\/2016\/03\/P3210161.jpg\"><img decoding=\"async\" loading=\"lazy\" class=\"alignnone wp-image-699 size-thumbnail\" src=\"http:\/\/www.beaugency-plongee.fr\/wp-content\/uploads\/2016\/03\/P3210161-150x150.jpg\" alt=\"OLYMPUS DIGITAL CAMERA\" width=\"150\" height=\"150\" srcset=\"https:\/\/www.beaugency-plongee.fr\/wp-content\/uploads\/2016\/03\/P3210161-150x150.jpg 150w, https:\/\/www.beaugency-plongee.fr\/wp-content\/uploads\/2016\/03\/P3210161-144x144.jpg 144w\" sizes=\"(max-width: 150px) 100vw, 150px\" \/><\/a>\u00a0 \u00a0 \u00a0 \u00a0 \u00a0 \u00a0 \u00a0 \u00a0 \u00a0<a href=\"http:\/\/www.beaugency-plongee.fr\/wp-content\/uploads\/2016\/03\/P1090030.jpg\"><img decoding=\"async\" loading=\"lazy\" class=\"alignnone wp-image-680 size-thumbnail\" src=\"http:\/\/www.beaugency-plongee.fr\/wp-content\/uploads\/2016\/03\/P1090030-150x150.jpg\" alt=\"OLYMPUS DIGITAL CAMERA\" width=\"150\" height=\"150\" srcset=\"https:\/\/www.beaugency-plongee.fr\/wp-content\/uploads\/2016\/03\/P1090030-150x150.jpg 150w, https:\/\/www.beaugency-plongee.fr\/wp-content\/uploads\/2016\/03\/P1090030-144x144.jpg 144w\" sizes=\"(max-width: 150px) 100vw, 150px\" \/><\/a>\u00a0 \u00a0 \u00a0 \u00a0 \u00a0 \u00a0 \u00a0 \u00a0 \u00a0\u00a0<a href=\"http:\/\/www.beaugency-plongee.fr\/wp-content\/uploads\/2016\/03\/P4170155.jpg\"><img decoding=\"async\" loading=\"lazy\" class=\"alignnone wp-image-707 size-thumbnail\" src=\"http:\/\/www.beaugency-plongee.fr\/wp-content\/uploads\/2016\/03\/P4170155-150x150.jpg\" width=\"150\" height=\"150\" srcset=\"https:\/\/www.beaugency-plongee.fr\/wp-content\/uploads\/2016\/03\/P4170155-150x150.jpg 150w, https:\/\/www.beaugency-plongee.fr\/wp-content\/uploads\/2016\/03\/P4170155-144x144.jpg 144w\" sizes=\"(max-width: 150px) 100vw, 150px\" \/><\/a>\u00a0 \u00a0 \u00a0 \u00a0 \u00a0 \u00a0 \u00a0 \u00a0 \u00a0 \u00a0<a href=\"http:\/\/www.beaugency-plongee.fr\/wp-content\/uploads\/2016\/03\/P4060037.jpg\"><img decoding=\"async\" loading=\"lazy\" class=\"alignnone wp-image-708 size-thumbnail\" src=\"http:\/\/www.beaugency-plongee.fr\/wp-content\/uploads\/2016\/03\/P4060037-150x150.jpg\" width=\"150\" height=\"150\" srcset=\"https:\/\/www.beaugency-plongee.fr\/wp-content\/uploads\/2016\/03\/P4060037-150x150.jpg 150w, https:\/\/www.beaugency-plongee.fr\/wp-content\/uploads\/2016\/03\/P4060037-144x144.jpg 144w\" sizes=\"(max-width: 150px) 100vw, 150px\" \/><\/a>\u00a0 \u00a0 \u00a0 \u00a0 \u00a0 \u00a0 \u00a0 \u00a0 \u00a0 \u00a0<a href=\"http:\/\/www.beaugency-plongee.fr\/wp-content\/uploads\/2016\/03\/IMG_1976.jpg\"><img decoding=\"async\" loading=\"lazy\" class=\"alignnone wp-image-710\" src=\"http:\/\/www.beaugency-plongee.fr\/wp-content\/uploads\/2016\/03\/IMG_1976-300x225.jpg\" alt=\"IMG_1976\" width=\"202\" height=\"151\" srcset=\"https:\/\/www.beaugency-plongee.fr\/wp-content\/uploads\/2016\/03\/IMG_1976-300x225.jpg 300w, https:\/\/www.beaugency-plongee.fr\/wp-content\/uploads\/2016\/03\/IMG_1976-768x576.jpg 768w, https:\/\/www.beaugency-plongee.fr\/wp-content\/uploads\/2016\/03\/IMG_1976.jpg 1024w, https:\/\/www.beaugency-plongee.fr\/wp-content\/uploads\/2016\/03\/IMG_1976-600x450.jpg 600w, https:\/\/www.beaugency-plongee.fr\/wp-content\/uploads\/2016\/03\/IMG_1976-200x150.jpg 200w, https:\/\/www.beaugency-plongee.fr\/wp-content\/uploads\/2016\/03\/IMG_1976-150x113.jpg 150w\" sizes=\"(max-width: 202px) 100vw, 202px\" \/><\/a><\/p>\n<h4><span style=\"color: #ff9900;\">Viennent ensuite Les sorties exploration<\/span><\/h4>\n<p><a href=\"http:\/\/www.beaugency-plongee.fr\/wp-content\/uploads\/2016\/03\/IMG_4510-e1467186304967.jpg\"><img decoding=\"async\" loading=\"lazy\" class=\"size-medium wp-image-675 alignleft\" src=\"http:\/\/www.beaugency-plongee.fr\/wp-content\/uploads\/2016\/03\/IMG_4510-e1467186304967-225x300.jpg\" alt=\"IMG_4510\" width=\"225\" height=\"300\" srcset=\"https:\/\/www.beaugency-plongee.fr\/wp-content\/uploads\/2016\/03\/IMG_4510-e1467186304967-225x300.jpg 225w, https:\/\/www.beaugency-plongee.fr\/wp-content\/uploads\/2016\/03\/IMG_4510-e1467186304967-768x1024.jpg 768w, https:\/\/www.beaugency-plongee.fr\/wp-content\/uploads\/2016\/03\/IMG_4510-e1467186304967-600x800.jpg 600w, https:\/\/www.beaugency-plongee.fr\/wp-content\/uploads\/2016\/03\/IMG_4510-e1467186304967-113x150.jpg 113w\" sizes=\"(max-width: 225px) 100vw, 225px\" \/><\/a><\/p>\n<p>Traditionnellement la sortie annuelle en mer du club est durant le week-end de l\u2019Ascension.<\/p>\n<p>Celle-ci est l\u2019occasion de faire d\u00e9couvrir les fonds marins Bretons ou M\u00e9diterran\u00e9ens aux d\u00e9butants que nous avons form\u00e9s durant l\u2019ann\u00e9e \u00e9coul\u00e9e.<\/p>\n<p>Nous alternons ces sorties entre Bretagne et M\u00e9diterran\u00e9e, ces fonds marins \u00e9tant totalement diff\u00e9rents mais aussi beaux les uns que les autres !<\/p>\n<p>&nbsp;<\/p>\n<p>Rappelons nous que pour progresser et acqu\u00e9rir de l\u2019exp\u00e9rience il est n\u00e9cessaire de plonger, plonger et encore plonger. Nous proposons \u00e9galement \u00e0 nos adh\u00e9rents, durant l&rsquo;ann\u00e9e, des sortie sur un Week-end prolong\u00e9 en mer.<\/p>\n<p>Ensuite, hors du contexte \u00ab\u00a0sortie club\u00a0\u00bb nos adh\u00e9rents peuvent organiser \u00ab\u00a0entre copains\u00a0\u00bb des voyages plus lointain comme par exemple une semaine en Mer Rouge, un des paradis du plongeur des plus accessibles.<\/p>\n<p><span style=\"color: #ff9900;\">Les bapt\u00eames de plong\u00e9e<\/span><\/p>\n<p><a href=\"http:\/\/www.beaugency-plongee.fr\/wp-content\/uploads\/2016\/03\/P4030081.jpg\"><img decoding=\"async\" loading=\"lazy\" class=\"size-medium wp-image-682 alignright\" src=\"http:\/\/www.beaugency-plongee.fr\/wp-content\/uploads\/2016\/03\/P4030081-300x225.jpg\" alt=\"OLYMPUS DIGITAL CAMERA\" width=\"300\" height=\"225\" srcset=\"https:\/\/www.beaugency-plongee.fr\/wp-content\/uploads\/2016\/03\/P4030081-300x225.jpg 300w, https:\/\/www.beaugency-plongee.fr\/wp-content\/uploads\/2016\/03\/P4030081-768x576.jpg 768w, https:\/\/www.beaugency-plongee.fr\/wp-content\/uploads\/2016\/03\/P4030081-1024x768.jpg 1024w, https:\/\/www.beaugency-plongee.fr\/wp-content\/uploads\/2016\/03\/P4030081-600x450.jpg 600w, https:\/\/www.beaugency-plongee.fr\/wp-content\/uploads\/2016\/03\/P4030081-200x150.jpg 200w, https:\/\/www.beaugency-plongee.fr\/wp-content\/uploads\/2016\/03\/P4030081-150x113.jpg 150w, https:\/\/www.beaugency-plongee.fr\/wp-content\/uploads\/2016\/03\/P4030081.jpg 1600w\" sizes=\"(max-width: 300px) 100vw, 300px\" \/><\/a>Un cadeau d&rsquo;anniversaire ? Envie de d\u00e9couvrir les plaisirs de la plong\u00e9e ?<\/p>\n<p>Enfant ou adulte, pour un bapt\u00eame de plong\u00e9e, vous n&rsquo;avez besoin ni de certificat m\u00e9dical, ni de pr\u00e9paration particuli\u00e8re. Notre \u00e9quipe saura vous donner les quelques conseils n\u00e9cessaires, nous vous mettrons le mat\u00e9riel \u00e0 disposition, mais &#8230; amenez votre maillot de bain.<br \/>\nCela se passe en r\u00e8gle g\u00e9n\u00e9rale le vendredi soir, au centre aquatique de Beaugency, \u00e0 partir de 20h30. Ces bapt\u00eames sont gratuits mais nous acceptons avec plaisir une petite participation financi\u00e8re de quelques euros et qui sera utilis\u00e9e pour l&rsquo;achat de nouveau mat\u00e9riel.<br \/>\nNous pouvons aussi r\u00e9aliser des bapt\u00eames en fonction de nos disponibilit\u00e9s dans d&rsquo;autres lieux ; il convient par contre de nous pr\u00e9venir au plus t\u00f4t.<\/p>\n<p>&nbsp;<\/p>\n<p><span style=\"color: #ff9900;\">Mais aussi <\/span><\/p>\n<p>Si nos adh\u00e9rents viennent avant tout pour la plong\u00e9e, ils sont \u00e9galement pr\u00e9sents pour le plaisir, et ces derniers appr\u00e9cient de se retrouver lors d&rsquo;un m\u00e9choui,\u00a0 repas du club ou autres \u00e9v\u00e8nements !!<\/p>\n","protected":false},"excerpt":{"rendered":"<p>Cr\u00e9\u00e9e en 1984, sous le nom de section plong\u00e9e du Cercle Aquatique Balgentien, notre association affili\u00e9e \u00e0 la F\u00e9d\u00e9ration Fran\u00e7aise d&rsquo;Etudes et de Sports Sous-Marins, devient Beaugency Plong\u00e9e en 2005. Nos s\u00e9ances se d\u00e9roulent principalement les vendredis \u00e0 partir de 20h30 au centre aquatique de Beaugency. Nous b\u00e9n\u00e9ficions \u00e9galement d&rsquo;un cr\u00e9neau le lundi soir \u00e0&hellip;<\/p>\n","protected":false},"author":3,"featured_media":0,"parent":21,"menu_order":0,"comment_status":"closed","ping_status":"closed","template":"","meta":[],"_links":{"self":[{"href":"https:\/\/www.beaugency-plongee.fr\/index.php\/wp-json\/wp\/v2\/pages\/23"}],"collection":[{"href":"https:\/\/www.beaugency-plongee.fr\/index.php\/wp-json\/wp\/v2\/pages"}],"about":[{"href":"https:\/\/www.beaugency-plongee.fr\/index.php\/wp-json\/wp\/v2\/types\/page"}],"author":[{"embeddable":true,"href":"https:\/\/www.beaugency-plongee.fr\/index.php\/wp-json\/wp\/v2\/users\/3"}],"replies":[{"embeddable":true,"href":"https:\/\/www.beaugency-plongee.fr\/index.php\/wp-json\/wp\/v2\/comments?post=23"}],"version-history":[{"count":28,"href":"https:\/\/www.beaugency-plongee.fr\/index.php\/wp-json\/wp\/v2\/pages\/23\/revisions"}],"predecessor-version":[{"id":2086,"href":"https:\/\/www.beaugency-plongee.fr\/index.php\/wp-json\/wp\/v2\/pages\/23\/revisions\/2086"}],"up":[{"embeddable":true,"href":"https:\/\/www.beaugency-plongee.fr\/index.php\/wp-json\/wp\/v2\/pages\/21"}],"wp:attachment":[{"href":"https:\/\/www.beaugency-plongee.fr\/index.php\/wp-json\/wp\/v2\/media?parent=23"}],"curies":[{"name":"wp","href":"https:\/\/api.w.org\/{rel}","templated":true}]}}